). What is i(1)?
-2
Suppose 20 = 5*j - 2*p - 6, 0 = 3*j - p - 15. Let o(z) = -3*z + 0*z - z**2 - 2*z**2 + z**3 - 1. What is o(j)?
3
Let m(k) = 32*k - 10. Let v(h) = -17*h + 5. Let q(f) = -4*m(f) - 7*v(f). Give q(2).
-13
Let p(a) = a**2 - 9*a + 1. Let s = 4 + -14. Let v = -6 - s. Determine p(v).
-19
Let d(z) be the first derivative of 1/4*z**4 + 5/3*z**3 + 23 + 2*z + 5/2*z**2. Calculate d(-4).
-2
Let l(r) = r**3 - 12*r**2 - 13*r - 5. Let b = 257 + -244. Calculate l(b).
-5
Let k(m) = 6*m - 7. Let s(v) = v - 1. Let w(r) = k(r) - 4*s(r). Let o = -4 - -7. Give w(o).
3
Let l(z) = 11*z**2 + 64*z + 47. Let x(n) = -2*n**2 - 11*n - 8. Let k(f) = 6*l(f) + 34*x(f). Give k(8).
-38
Let w(b) = -2*b + 7. Let p = -32 + 26. Let u(m) = 2*m - 8. Let y(a) = p*w(a) - 5*u(a). Determine y(2).
2
Let p(c) = 1181 + 1180 + 3*c + 1175 - 3551. Determine p(3).
-6
Suppose -4*o = -3*o + 4. Let f be o/(-22) - (-186)/66. Let w(a) = f*a**2 + 4*a - 3*a**2 + a**2 - 5. Calculate w(-6).
7
Let x(r) = -2*r**3 - 2*r**2 - 2*r - 3. Suppose -10*z = -8*z + 16. Let w(v) = -v - 8. Let k be w(z). Suppose -3*h - 2*h - 10 = k. What is x(h)?
9
Let l(z) = -8 + 143*z - 144*z + 8. Suppose -7*v = -3*v + 24. Determine l(v).
6
Suppose 0*c + 8 = -4*c. Let s(t) = 6*t + 1 - 4 - 1. Let y(a) = -3*a + 2. Let n(v) = -6*s(v) - 11*y(v). Determine n(c).
8
Let g(q) = q**2 - 6*q - 1. Let o(d) = 8*d - 82. Let r be o(11). Determine g(r).
-1
Let u(n) = 0 - 3*n - n**3 - 2*n + 7*n**2 - 5. Let i = -273 + 279. Give u(i).
1
Let d(c) = -c**2 + 41*c + 39. Let z be d(42). Let u(w) = -w**3 - w + 4. What is u(z)?
34
Let w(p) = -p**2 - 3*p + 3. Suppose 3*i = 2*y - 68, 3*i + 2*y - y + 56 = 0. Let o = 22 + i. Give w(o).
-7
Let p(c) = -c + 2. Let r = 34 - 30. Let n be 60/24*r/5. Give p(n).
0
Let l be 2 + -1 + (2 - 1). Let o(c) = 22*c - 2 - c**2 + 5 - 25*c + l. Determine o(-5).
-5
Let f(h) be the third derivative of 0 + 0*h + 0*h**5 + 2*h**2 - 1/6*h**3 + 1/12*h**4 + 1/12*h**6. Give f(1).
11
Suppose 0 = 2*y - 24 - 8. Suppose y = -3*w - w. Let t be w/6 + 2/3. Let g(m) = m**3 + m**2 - m + 1. Calculate g(t).
1
Let g(p) be the third derivative of p**4/8 - 3*p**3 + 187*p**2. Give g(8).
6
Let c(o) be the first derivative of -o**4/4 + o**3 + 4*o**2 + 4*o + 396. Determine c(5).
-6
Let z be (6 + 0)/((-9)/(-6)). Suppose 15 = -z*w + 3. Let b(p) = 2*p**2 + 5*p + 4. Calculate b(w).
7
Let k(p) = -5*p**2 - p. Let y be (-3)/2 + 71/2. Let n = -35 + y. Calculate k(n).
-4
Suppose -13 = g - 14. Let c(n) = -3*n**2 + 3*n**2 + 6*n**2 - 2*n**2 - g. Determine c(-1).
3
Let p be (60/(-25))/((162/60)/(-9)). Let n(l) = -3*l + 7. Give n(p).
-17
Let r(z) be the first derivative of z**3/3 - 7*z**2/2 + 5*z - 1. Let u = 72 - 50. Let a(i) = 2*i - 40. Let v be a(u). Calculate r(v).
-7
Let s(x) = -x**3 - 5*x**2 + 5*x - 3. Suppose 72*p = 65*p + 105. Suppose p*a + 62 + 28 = 0. What is s(a)?
3
Let s(i) = -2*i**2 - i - 1. Let t(v) = -9*v**3 + 5*v**2 + 5*v + 2. Let d(b) = -3*s(b) - t(b). Determine d(1).
9
Let p(h) be the third derivative of -h**4/6 - h**3/6 - 4*h**2. Suppose 2*x - 3*w + 9 = -3*x, 4*x + 4*w + 20 = 0. Let v = -2 - x. What is p(v)?
-5
Let b(i) = 6*i - 2*i**2 - 1 - 6 - 14 + 19 + 3*i. Give b(6).
-20
Let j(m) = -5*m + 26. Let s(c) = c - 5. Let z(d) = 2*j(d) + 11*s(d). Suppose -81 = -k + 4*k. Let o = -21 - k. Determine z(o).
3
Let s(a) be the second derivative of a**5/20 + a**4/12 + 10*a**2 - 84*a + 2. Give s(0).
20
Let r(s) = 15*s**2. Let p be r(1). Let a be 32/10 - 3/p. Let w be a/(-9) - 14/(-6). Let y(h) = -h**2 + h. Give y(w).
-2
Suppose -k + 10 = -0*k. Let u(m) = 0*m**2 + 9 + 3*m**2 + 3*m - k*m - 2*m**2. Determine u(7).
9
Let u be 100/(-16) + 1/4. Let s(q) = q + 3. Let m be s(u). Let r(a) = -2*a**3 - 5*a**2 - a - 4. Let i(g) = -g**3 - 1. Let d(z) = m*i(z) + r(z). Give d(5).
-6
Let g(f) be the third derivative of 0 + 0*f + 5*f**2 + 1/3*f**3 + 1/24*f**4. Suppose 20 = 2*j - 4*t, -j + 13 = -5*t - 6. What is g(j)?
6
Let x(v) = v**3 + v**2 + 5. Let m be x(0). Let w(g) = -g**3 + 3*g**2 - 1. Let j(s) = 3*s**3 - 8*s**2 + 6*s + 3. Let d(n) = j(n) + 4*w(n). Calculate d(m).
4
Let x(s) = 7*s**2 - 9*s - 19. Let y(q) = 0*q**2 + 10*q**2 - 28 + 2*q - 16*q. Let p(g) = -7*x(g) + 5*y(g). Determine p(6).
-13
Let b be ((-128)/(-12))/(-8)*2/(-8). Let u(n) be the first derivative of b*n**3 + 1/4*n**4 + 0*n + 0*n**2 + 6. Give u(1).
2
Let x(o) = -o + 8. Suppose -w = -3*p - 22, 10*p - 11*p = 5. What is x(w)?
1
Let a(x) = 2*x - 5. Let r be (-1)/((-4)/16) - -592. Let f be 2/(-7) - r/(-28). Suppose v - 5 = -4*t + 4, 4*v + t - f = 0. Give a(v).
5
Let d(j) = j**2 - 16*j - 16. Let t be d(17). Let h(q) = q**2 - 3*q + 3. What is h(t)?
1
Let o(g) be the first derivative of -g**4/4 - 7*g**3/3 - 3*g**2 + 2*g + 125. Calculate o(-6).
2
Suppose 6 = 18*b - 30. Let f(h) be the second derivative of 0 + 7/6*h**3 - 5/2*h**b - 1/12*h**4 + 4*h. Determine f(6).
1
Let t(r) = -4*r**2 - 3*r + 15. Let b(n) = -3*n**2 - 2*n + 13. Let y(j) = -6*b(j) + 5*t(j). What is y(-3)?
-12
Suppose -21*w + 29 = 197. Let a(c) = c**3 + 7*c**2 - 7*c + 11. Determine a(w).
3
Let v(f) = 2*f - 9. Let t be v(6). Suppose 5*d - 3 = -2*a, -a - t*d + 7*d + 8 = 0. Let s(k) = a*k**2 - k**2 + 3*k**3 + 2*k - 2*k**3 + 3 + 0*k**2. Give s(-2).
3
Let a(r) = r**3 - 12*r**2 + 2*r - 14. Let p = -26 - -38. What is a(p)?
10
Let f(p) be the third derivative of -p**4/24 - p**3/2 - p**2 + p. What is f(-4)?
1
Let r = -4 + 6. Suppose k - 5*f - 18 = 0, 3*f = -5 + r. Let b = k + -11. Let p(d) = -d**2 + 3*d - 2. Determine p(b).
0
Let i = -1 + 1. Let r(f) = -f + 1. Determine r(i).
1
Suppose 0 = -2*t + 4*t - 50. Let q(y) = 31 - 50 - y + t. Give q(-6).
12
Let i = 1092 - 1106. Let q(y) = y**3 + 14*y**2 - y - 13. Give q(i).
1
Suppose -4*q = 4*d - 20, 4*d - q + 2*q = 32. Let s(p) = 7*p**3 + 12*p**2 + 3*p - 23. Let x(g) = 3*g**3 + 6*g**2 + g - 11. Let c(t) = d*x(t) - 4*s(t). Give c(5).
3
Suppose -90 = 45*s + 180. Let i(l) = 7*l + 42. Determine i(s).
0
Let r(q) = -2*q**3 + 13*q**2 - q + 3. Let l(w) = w**3 - w**2. Let j(m) = 3*l(m) + r(m). Calculate j(-10).
13
Suppose 0 = 6*a - 22 + 4. Let z be (-14)/56 - (-9)/4. Let v(c) = 0 + 13*c - c**3 - 15*c + 4 + 3*c**z - 1. Give v(a).
-3
Let t be (20/30)/(3/(-18)). Let i(p) = -p**2 - p + 1. What is i(t)?
-11
Let r be (4/(-3))/(124/(-837)). Let b(q) = q**3 - 10*q**2 + 11*q - 11. What is b(r)?
7
Suppose -58 - 50 = 12*p. Let d(t) = 4*t - 6. Let a(v) = -v + 1. Let i(r) = p*a(r) - 2*d(r). Give i(5).
8
Let h(z) be the first derivative of 3/2*z**2 + 4 + 5*z. What is h(-4)?
-7
Let q(j) be the first derivative of 8/3*j**3 - 8 + 1/12*j**4 + 0*j + 0*j**2 - 1/120*j**5. Let u(v) be the third derivative of q(v). Calculate u(-3).
5
Let o(c) = 0*c - 77*c**2 + 5 + c**3 + 81*c**2 + 0*c. Give o(-5).
-20
Let a(w) be the first derivative of -1/360*w**6 - 1 + 1/12*w**4 + 0*w - 1/40*w**5 + 0*w**2 + 2/3*w**3. Let z(n) be the third derivative of a(n). Give z(-5).
-8
Let k be 28/(-49) - 39/(-7). Let v be 15/3*(1 - 0). Let u(w) = 3*w - w**2 - v + 4*w + 0. Give u(k).
5
Suppose -x + 3*h = 2*h - 12, 8 = -x - 3*h. Let k(w) = -x*w + 9*w - w. Calculate k(4).
4
Let m(x) = 3*x - 6. Suppose 3*j - j = -18. Determine m(j).
-33
Suppose 2*n - 3*f = 19, -2*f + 14 = 11*n - 35. Let g(j) = 4*j - 21. Give g(n).
-1
Let g(q) be the second derivative of q**4/8 + q**3/3 + 6*q**2 + 7*q. Let f(k) be the first derivative of g(k). Determine f(-4).
-10
Let w = 26 + -25. Let v = 8 - 6. Let m(a) = v*a + a - 2*a + 5*a**2 - a**2. Calculate m(w).
5
Let w(r) = 104*r - 203*r + r**2 + 103*r - 4. What is w(-6)?
8
Let w(b) = b**2 + 2*b + 2. Suppose 5*x + 3 - 13 = 5*d, 11 = -2*d - 5*x. Let k be w(d). Let y(m) = -8*m - 11*m - 4 - 10*m + 30*m. What is y(k)?
1
Let u be (15*(-7)/(-70))/((-6)/16). Let s(o) = -2*o**2 - 5*o + 2. Calculate s(u).
-10
Let r(k) = -5*k**3 + 2*k + 7*k**3 + 5*k**3 - 5*k**2 - 7 + 0. Let a(p) = 3*p**3 - 2*p**2 + p - 3. Let m(v) = 5*a(v) - 2*r(v). Determine m(1).
1
Suppose -5*x + 8*x = 6. Let l(v) = -2*v**x - 3*v**2 + 6*v**2 + 7 + 7*v. Let b(w) = -6*w**2. Let p be b(-1). Determine l(p).
1
Let m(h) = 14*h. Let o(x) = -x**3 + x**2 + 17*x + 2. Let a be o(0). What is m(a)?
28
Suppose -2*u - 14 = -2*g, -3*g - g + 12 = -2*u. Let b(v) = v**2 + 7*v - 2. What is b(u)?
6
Let q(g) be the second derivative of g**3/3 + g**2 - 459*g. Let a(p) be the first derivative of -p**4/4 + p**